base 10.
10
Convert 111011 (base 2) to base 11.
54
-1 (base 7) to base 2
-1
Convert 100100 (base 2) to base 15.
26
Convert 2 (base 10) to base 14.
2
Convert -3 (base 16) to base 6.
-3
What is -190 (base 10) in base 16?
-be
What is 6 (base 9) in base 16?
6
What is 53 (base 10) in base 4?
311
What is 4 (base 6) in base 10?
4
What is -10 (base 12) in base 15?
-c
Convert -121 (base 7) to base 15.
-44
What is -3 (base 11) in base 6?
-3
2 (base 4) to base 5
2
What is 5 (base 8) in base 14?
5
What is 3 (base 11) in base 3?
10
What is 2 (base 12) in base 15?
2
What is bf (base 16) in base 7?
362
What is 354 (base 6) in base 2?
10001110
-179 (base 11) to base 15
-dc
What is 101001 (base 2) in base 6?
105
Convert -16 (base 8) to base 12.
-12
What is 43 (base 13) in base 15?
3a
-10 (base 6) to base 10
-6
Convert 2010 (base 3) to base 6.
133
What is 2 (base 16) in base 8?
2
What is -1100 (base 2) in base 3?
-110
What is -2 (base 10) in base 7?
-2
Convert 2 (base 7) to base 8.
2
-1 (base 8) to base 9
-1
Convert -132 (base 8) to base 14.
-66
What is -8 (base 14) in base 2?
-1000
Convert 3a (base 12) to base 6.
114
Convert 2 (base 10) to base 5.
2
15 (base 6) to base 8
13
-1 (base 10) to base 12
-1
What is 230 (base 4) in base 14?
32
What is 177 (base 16) in base 5?
3000
What is -1 (base 3) in base 5?
-1
48 (base 16) to base 15
4c
Convert -1a9 (base 13) to base 8.
-464
48 (base 9) to base 10
44
-1 (base 7) to base 10
-1
Convert 1 (base 6) to base 15.
1
What is 2 (base 16) in base 2?
10
Convert -21 (base 5) to base 4.
-23
What is -2 (base 5) in base 13?
-2
-201 (base 9) to base 13
-c7
223 (base 4) to base 12
37
Convert 53 (base 10) to base 11.
49
What is -212 (base 5) in base 8?
-71
Convert -11 (base 16) to base 6.
-25
Convert 102 (base 4) to base 10.
18
-3 (base 16) to base 15
-3
-2 (base 12) to base 14
-2
What is 16 (base 10) in base 11?
15
What is 130 (base 14) in base 8?
356
Convert -212 (base 3) to base 2.
-10111
0 (base 14) to base 5
0
What is -b (base 16) in base 8?
-13
Convert -15 (base 6) to base 13.
-b
-13 (base 5) to base 7
-11
What is 232 (base 4) in base 5?
141
What is 15 (base 6) in base 13?
b
What is 11100 (base 4) in base 5?
2321
What is -10 (base 6) in base 2?
-110
1111 (base 2) to base 7
21
What is 4 (base 16) in base 10?
4
Convert 10 (base 3) to base 13.
3
111 (base 3) to base 6
21
Convert -212 (base 4) to base 12.
-32
What is -20 (base 4) in base 14?
-8
-5 (base 11) to base 15
-5
Convert -1 (base 6) to base 7.
-1
Convert 2 (base 10) to base 4.
2
Convert 2a (base 12) to base 14.
26
Convert -20 (base 14) to base 3.
-1001
323 (base 4) to base 16
3b
Convert -45 (base 6) to base 15.
-1e
What is -1311 (base 4) in base 11?
-a7
Convert 5 (base 16) to base 2.
101
Convert -1 (base 3) to base 12.
-1
Convert 146 (base 12) to base 13.
123
What is -11 (base 5) in base 4?
-12
Convert 14 (base 8) to base 9.
13
Convert -b (base 14) to base 15.
-b
What is 10 (base 2) in base 4?
2
What is 133 (base 5) in base 8?
53
3d (base 14) to base 11
50
Convert 0 (base 6) to base 2.
0
Convert -30 (base 11) to base 10.
-33
What is -19 (base 15) in base 11?
-22
110 (base 4) to base 7
26
What is 8 (base 13) in base 3?
22
Convert 10111 (base 3) to base 7.
163
340 (base 6) to base 10
132
9 (base 14) to base 7
12
What is 11 (base 9) in base 12?
a
a (base 14) to base 16
a
Convert 53 (base 13) to base 7.
125
0 (base 3) to base 10
0
0 (base 3) to base 12
0
What is -1000 (base 2) in base 10?
-8
What is 240 (base 10) in base 3?
22220
What is -33 (base 11) in base 9?
-40
What is -12 (base 4) in base 9?
-6
What is -10110 (base 2) in base 5?
-42
Convert 0 (base 12) to base 9.
0
What is -111222 (base 3) in base 14?
-1cd
-13 (base 16) to base 13
-16
What is -2 (base 3) in base 5?
-2
-42 (base 5) to base 14
-18
-11 (base 2) to base 12
-3
What is -2 (base 4) in base 6?
-2
What is -11122 (base 3) in base 12?
-a5
Convert 130 (base 5) to base 11.
37
Convert -100001111 (base 2) to base 6.
-1131
What is 34 (base 12) in base 10?
40
2 (base 7) to base 13
2
Convert 4 (base 14) to base 7.
4
What is 21 (base 6) in base 15?
d
What is 20 (base 3) in base 13?
6
84 (base 15) to base 9
147
What is 1123 (base 4) in base 10?
91
-12 (base 8) to base 3
-101
-3 (base 9) to base 8
-3
-24 (base 15) to base 9
-37
Convert -20b (base 12) to base 4.
-10223
What is 100011 (base 2) in base 14?
27
3122 (base 4) to base 13
13a
What is 8 (base 14) in base 16?
8
Convert 7 (base 12) to base 4.
13
-22 (base 11) to base 16
-18
Convert 3 (base 9) to base 8.
3
-1 (base 6) to base 4
-1
What is 4a (base 14) in base 16?
42
What is -90 (base 16) in base 3?
-12100
What is -7 (base 15) in base 6?
-11
-400 (base 6) to base 15
-99
-12 (base 3) to base 9
-5
What is -1 (base 7) in base 16?
-1
-474 (base 8) to base 4
-10330
What is 3 (base 14) in base 11?
3
Convert -3 (base 9) to base 7.
-3
What is -5 (base 14) in base 9?
-5
What is 100 (base 2) in base 5?
4
Convert -16 (base 8) to base 4.
-32
What is 1102 (base 3) in base 4?
212
3 (base 10) to base 5
3
What is -d (base 16) in base 2?
-1101
13 (base 9) to base 11
11
What is 1124 (base 5) in base 16?
a4
Convert -10 (base 16) to base 13.
-13
10110 (base 2) to base 8
26
What is -2 (base 10) in base 13?
-2
4 (base 15) to base 13
4
What is 0 (base 3) in base 10?
0
Convert 192 (base 13) to base 14.
168
What is -7 (base 14) in base 9?
-7
-4 (base 14) to base 4
-10
Convert 5 (base 8) to base 11.
5
What is -23 (base 9) in base 5?
-41
What is -2 (base 7) in base 13?
-2
Convert -6a (base 12) to base 3.
-10001
Convert a9 (base 16) to base 10.
169
1144 (base 5) to base 14
c6
-160 (base 9) to base 15
-90
What is -42 (base 6) in base 16?
-1a
What is -5 (base 7) in base 12?
-5
What is 12 (base 12) in base 7?
20
101 (base 2) to base 12
5
What is b (base 15) in base 13?
b
25 (base 14) to base 6
53
-110 (base 2) to base 14
-6
-154 (base 15) to base 11
-257
Convert 216 (base 8) to base 2.
10001110
Convert -24 (base 10) to base 7.
-33
-16 (base 13) to base 4
-103
-1 (base 16) to base 9
-1
3 (base 4) to base 2
11
Convert -53 (base 11) to base 10.
-58
7 (base 14) to base 12
7
20 (base 3) to base 16
6
Convert 3 (base 8) to base 10.
3
What is 3 (base 4) in base 3?
10
What is 3 (base 15) in base 16?
3
What is 18 (base 12) in base 14?
16
What is -85 (base 14) in base 5?
-432
What is 0 (base 7) in base 3?
0
What is -1111 (base 2) in base 3?
-120
Convert 2 (base 9) to base 4.
2
Convert -1 (base 10) to base 13.
-1
Convert -102 (base 7) to base 13.
-3c
-141 (base 9) to base 4
-1312
2 (base 11) to base 2
10
-1 (base 12) to base 7
-1
-2 (base 3) to base 4
-2
What is 1 (base 4) in base 12?
1
What is 0 (base 2) in base 16?
0
-7 (base 13) to base 8
-7
-5 (base 16) to base 13
-5
What is -10 (base 5) in base 7?
-5
-2 (base 4) to base 6
-2
-4 (base 14) to base 11
-4
9 (base 14) to base 15
9
13 (base 11) to base 5
24
11 (base 11) to base 15
c
What is 14 (base 11) in base 9?
16
Convert 9 (base 10) to base 8.
11
-2b (base 14) to base 10
-39
-d8 (base 14) to base 2
-10111110
3 (base 6) to base 9
3
Convert 101 (base 3) to base 9.
11
What is -28 (base 11) in base 16?
-1e
Convert 5 (base 9) to base 16.
5
-10 (base 4) to base 8
-4
Convert -10 (base 11) to base 8.
-13
What is 8 (base 16) in base 13?
8
Convert -2 (base 7) to base 5.
-2
Convert -2 (base 12) to base 9.
-2
What is -48 (base 12) in base 13?
-44
55 (base 9) to base 2
110010
Convert -13 (base 10) to base 3.
-111
Convert 10 (base 5) to base 11.
5
Convert 2 (base 8) to base 10.
2
-6 (base 7) to base 15
-6
What is -23 (base 11) in base 9?
-27
What is -11 (base 12) in base 10?
-13
-2020 (base 4) to base 12
-b4
Convert -7 (base 12) to base 11.
-7
1 (base 3) to base 6
1
What is -200 (base 6) in base 10?
-72
15d (base 14) to base 10
279
What is -11 (base 13) in base 11?
-13
What is 3 (base 10) in base 13?
3
1121 (base 3) to base 15
2d
Convert 0 (base 13) to base 2.
0
2 (base 16) to base 6
2
What is 1112 (base 3) in base 11?
38
Convert -3 (base 15) to base 2.
-11
What is 3023 (base 4) in base 3?
21112
Convert 2 (base 6) to base 7.
2
-44 (base 15) to base 10
-64
Convert -104 (base 6) to base 15.
-2a
Convert 13 (base 5) to base 7.
11
What is 1011000 (base 2) in base 7?
154
Convert 0 (base 15) to base 12.
0
30 (base 11) to base 13
27
Convert -222 (base 3) to base 12.
-22
What i